.
-5
Evaluate -2 - (4 + 4 + -15).
5
What is the value of (-8 - 6) + 10 - (1 + 1)?
-6
Calculate 0 - 0 - (14 + 3 + -16).
-1
What is 1 + (0 - 2) - (29 - 29)?
-1
Evaluate -24 + 17 - (0 + 1 - 3).
-5
What is the value of -2 - (14 + -5) - (0 - 6)?
-5
Evaluate (-8 - -16) + (-2 - 1) + 2.
7
Evaluate 7 + (1 + 3 + -4 - 3).
4
Calculate -2 + 5 + (-8 - -3) + 6.
4
What is the value of 2 - (-3 - 4 - -7)?
2
1 + 0 + (-2 - 0 - -3)
2
Calculate -3 + (5 - -1 - 7).
-4
Evaluate -1 - -7 - (3 + -1).
4
Calculate 11 - 2 - 2 - 2.
5
-8 + 1 - (72 - 71)
-8
What is the value of (8 - (20 - 22)) + (-8 - -1)?
3
What is the value of (6 - 0) + (-3 - (-7 - -4))?
6
1 + (-3 - -1) + 61 + -64
-4
What is the value of -2 - (-5 + 9 + -6 - 5)?
5
What is (115 - 105) + -15 + 1?
-4
Calculate -4 - (-13 - (0 - 3)).
6
Evaluate 0 + 3 + (-4 - 3) - -8.
4
What is -5 - -2 - 1 - -6?
2
2 - (2 - (-1 - 3 - -3))
-1
What is 1 - (6 + 2) - (-8 - 3)?
4
Calculate (9 - 22) + 7 - -5.
-1
What is -5 + (2 - (-3 + 3 - -2))?
-5
What is the value of -4 - -3 - -4 - 7 - -9?
5
Evaluate -3 + (-1 + -1 - (64 + -71)).
2
(-2 - -4) + 2 + -8
-4
Calculate (9 - 18) + (-2 + 6 - 1).
-6
Evaluate 1 + (1 - (9 - 5)) - -5.
3
Calculate (0 + 3 - 4 - 2) + 3.
0
Evaluate 8 - 0 - (-6 + 2 + 6).
6
Evaluate 4 - (4 - 0) - 3.
-3
Calculate 3 - (-8 + (24 - (-2 + 7))).
-8
Calculate (0 - 11) + 11 + -3.
-3
Calculate 6 + 13 + -24 + 3 + -1.
-3
Evaluate -8 - (9 - (-3 + 15)).
-5
What is the value of 1 + 8 + -1 + -4?
4
What is the value of 11 + -18 - (2 + -2) - -7?
0
What is the value of -2 + 2 + 0 - -5 - 0?
5
0 + -4 + (4 - -2) + 2
4
What is the value of -1 - (-1 + -3) - (-1 - 0)?
4
What is the value of 18 + -17 - (2 - (-2 + 4))?
1
Evaluate 3 + 0 + -1 + (1 - 1).
2
Evaluate (1 - -2) + (0 - 1) - -1.
3
What is 1 + (-4 - -3) - (3 + -5)?
2
-4 - (-3 + 5 + 6 + -15)
3
Calculate -19 + -2 + 15 - -1.
-5
Calculate 0 - ((-4 - -6) + (0 - 5)).
3
Calculate 0 + 1 - -3 - (19 - 17).
2
(1 - 1) + (-1 - 2 - 4)
-7
(6 + -1 - -5) + -3 + -1
6
Calculate 6 + 1 - (6 - (6 + -2)).
5
What is (-1 - 3) + (7 + -6 - 3)?
-6
Calculate (-3 + 1 + -2 - -8) + -6.
-2
(4 - 3) + 35 + -30
6
-3 + 0 + 2 + 3 + 4
6
What is -9 - -4 - (-2 + -2)?
-1
What is -3 - (-1 - 8 - -6)?
0
Evaluate -22 + 19 - (-1 + -2).
0
Evaluate (1 + -1 - -3 - -7) + -6.
4
(-5 - -6 - 4) + 2
-1
Evaluate -2 + 5 + -4 + 5.
4
Calculate (3 - 11) + 8 - -4.
4
6 - 3 - 2 - 4
-3
What is 5 + (-9 - (-4 + 3 + -3))?
0
What is 4 + -10 - (-8 - 0) - -4?
6
What is 3 + -4 + -1 + 2 + -2?
-2
What is the value of -10 + (22 - 6) + -1?
5
Evaluate 2 + -1 + 1 + -7.
-5
Evaluate 4 - ((-2 - -8) + 2).
-4
Evaluate 0 - (7 + 1 + -1 + -3).
-4
Calculate -7 + (3 + (-6 - -3) - -2).
-5
Evaluate 1 + (1 + 1 - (17 + -9)).
-5
Calculate 5 + (1 - -8) + -10.
4
Evaluate -5 - -2 - (-5 + 3).
-1
Evaluate 6 - 7 - 1 - -6.
4
Calculate 3 + -1 + (-21 + 34 - 6).
9
Calculate -3 - (-3 - (-8 - -2 - -6)).
0
Calculate 11 - (2 + (-1 - -3)).
7
Evaluate 0 - 1 - (0 + 3).
-4
Evaluate 10 + (13 - 12) - 11.
0
What is -6 + 0 + 93 + -85?
2
Evaluate -14 - (-10 - (6 + 4)).
6
Evaluate 3 - ((-7 - -11) + -3).
2
What is the value of 1 + (2 - -3 - 7)?
-1
What is -1 + (-1 - 8) + 7?
-3
Evaluate -6 + (-12 - -26 - (-1 - -7)).
2
What is (3 - 1) + -3 + 2?
1
Calculate -11 - (18 - 7 - 16).
-6
-11 - -10 - (1 + -2)
0
What is 7 + -8 + 6 + -3 + 4?
6
What is -3 - (-6 + (-4 - -5))?
2
What is 4 - ((9 - (2 + -4)) + -4)?
-3
Calculate 0 + 1 + (13 - 9).
5
Calculate -8 + 4 + (10 - 5 - 3).
-2
What is -2 + 0 - (-6 + 4 + 4)?
-4
Evaluate 0 + -2 - (26 + -31).
3
(-11 - (-12 - 0)) + -3 + 2
0
Evaluate 5 + -2 + 7 + -7.
3
Evaluate (-4 - (-7 - (-8 + 4))) + 3.
2
What is -2 - (2 + (-3 - -4))?
-5
Evaluate 2 + (-1 - -3) - (3 + -1).
2
Calculate -3 + 0 - (-17 - -10).
4
What is 5 + (-5 - 1) + 1?
0
What is (9 - 25) + 8 - -10?
2
What is -3 - (-1 + -6 - -4 - -4)?
-4
Evaluate (-296 - -290) + 2 + 0 + -1.
-5
What is (-1 - -4) + -6 + 3?
0
14 - 9 - (3 - (-9 + -1))
-8
Evaluate (-5 - 2) + 95 + -82.
6
-3 - (7 - 13) - (6 + -1)
-2
-4 + (-2 - -2) + 2
-2
Calculate 8 + -19 + -9 + 12.
-8
What is the value of 8 + -3 - (-4 + 16) - -5?
-2
What is the value of 0 + (-1 - (4 + -5)) + -3?
-3
What is (7 + 4 - 23) + 8 + -3?
-7
What is (-5 - -2) + -4 + 9?
2
2 + -2 - (1 + -3)
2
13 + 0 + (-17 - -10)
6
What is (-4 - 1 - (-13 + 15)) + 2?
-5
What is 0 - (0 + 5 + -2 + -5)?
2
What is -4 + 2 - -4 - -4?
6
Evaluate (4 - (-3 + 5)) + (5 - 7).
0
Calculate 11 + (-4 + 0 - 0).
7
Evaluate 2 - (-9 + -2 + 8).
5
What is the value of -3 + 2 + -4 + 0?
-5
-9 - (2 + -4) - -5
-2
What is -2 + 7 - (12 - -2)?
-9
What is 0 + 0 + 5 + 2?
7
-3 + 0 - (0 + 2 + -2)
-3
What is -3 - ((-1 - -7) + -10 - 5)?
6
Evaluate -8 - (-5 + -4) - -5.
6
What is (-3 - -2) + (-1 - 1) + -1?
-4
What is the value of -1 + 3 - 5 - (-3 - -2)?
-2
1 + -6 + (12 - 11)
-4
What is -1 - (-2 + -2) - -2?
5
Calculate 4 + 3 - (1 + 2).
4
-3 + (6 + (1 - 4) - 0)
0
Evaluate (-1 - -1) + (8 + -5 - 6).
-3
Calculate 9 + -10 + (-2 - (1 - 1)).
-3
10 - (11 + (15 - 8))
-8
What is 0 - (4 - 5 - 3)?
4
What is the value of 5 - (2 + 3) - (2 + -6)?
4
Calculate -6 + 8 - (-6 - -4).
4
What is (-4 - (-4 + -3)) + -3?
0
Evaluate 1 + -1 + -17 + 17.
0
What is the value of 11 - (11 + -1) - 3?
-2
Evaluate 10 - (-8 - -10 - -7).
1
Evaluate -5 - -1 - 2 - -8.
2
What is the value of (-5 - (2 + -6) - -5) + 3?
7
Calculate 1 + (5 - 4 - -3).
5
What is -5 - -7 - (2 - 1)?
1
What is -1 + -5 - (19 + -18)?
-7
What is the value of -1 + (2 - -6) - (-55 - -65)?
-3
2 + 0 + -3 - -4
3
Evaluate -4 + -4 + (0 - (1 - 4)).
-5
What is the value of 9 + -5 + (2 - (8 + -9))?
7
Calculate 3 - ((2 - -3) + 2).
-4
What is the value of -3 - (-1 + (0 - 5 - 1))?
4
Evaluate 4 + -1 + 2 + -7 + 3.
1
Calculate -4 - (6 - 8 - -5).
-7
0 + 7 + 3 + -2
8
What is the value of -12 + (13 - -1) + -11?
-9
Evaluate -4 - (5 + (-2 - 10)).
3
Calculate -4 - (3 + -2 - (0 - -9)).
4
Calculate (3 - (0 + 1) - 2) + -5.
-5
Calculate (-2 - (1 - 3)) + -5 + 1.
-4
Evaluate 0 + 2 + 2 + 0.
4
What is 1 - (-13 + 4 - (-8 + 3))?
5
Calculate -4 - (-9 - -4 - (6 + -5)).
2
(9 - 1) + -3 + (-7 - 1)
-3
What is (1 - -1) + -2 + 10 + -13?
-3
Calculate 0 - (-2 - ((-2 - 0) + -7)).
-7
What is (-7 - -14) + 2 - 17?
-8
(-1 - (-6 + 1)) + -1
3
What is the value of (0 - 1 - 1) + -1?
-3
What is 6 - 0 - (-3 - -12)?
-3
Calculate -1 + (-18 + 10 - -17).
8
What is -4 - 0 - (-22 - -15)?
3
What is 1 - (44 - 44 - (-1 + -6))?
-6
What is the value of (35 - 34) + -2 + -2?
-3
What is the value of 8 - 6 - ((1 - 0) + -2)?
3
What is the value of -7 + -3 + 7 + -4 + 6?
-1
What is the value of -4 - -1 - (-1 + -2)?
0
What is (6 - -1) + (-11 - -6 - -2)?
4
Evaluate -3 + 6 - 4 - (-2 - 9).
10
Evaluate 5 + -5 + 0 + -1.
-1
Evaluate (0 - -3) + (2 - 0).
5
Calculate 1 - (3 + -3 + -4).
5
Evaluate -41 + 45 - (9 + -1).
-4
Calculate -2 + -5 - (-3 - (-11 + 16)).
1
3 - (-3 + 14) - -3
-5
0 - (2 + -1 + (0 - -2))
-3
What is the value of 8 - -1 - (3 + -4 + 6)?
4
Evaluate 2 + -1 - (-3 - -8).
-4
What is 4 + (-1 - (4 - 2)) - 2?
-1
Evaluate -1 + -4 + (21 - 14).
2
What is -5 - -1 - (7 + (-5 - 2))?
-4
What is (-4 - (-7 + -1)) + 0?
4
What is the value of -4 - 4 - -4 - -2?
-2
(7 - 2 - 11) + (10 - -1)
5
(-2 - 2) + 4 - (-3 - 0)
3
Evaluate (-28 - -18) + (2 - 0) + 2.
-6
Evaluate -3 + 4 - (4 + 0) - -4.
1
Evaluate 3 + (1 - (4 + -8)).
8
What is the value of 3 + (-6 + (-2 - -4) - -2)?
1
Calculate 1 - 7 - (1 + -4 + -1).
-2
Evaluate -2 + (-6 - (-2 + -5)) - -9.
8
What is -3 + 4 + -1 + 1 + -1?
0
What is (0 - (-3 + 1 + -3)) + -9?
-4
10 - 8 - (7 - 1)
-4
What is 3 - 1 - (43 + -39)?
-2
What is the value of (8 - (-4 - -3)) + -1 + -6?
2
-10 - (1 - 2) - -6 - 6
-9
Evaluate 15 + 13 + (-9 - 14).
5
What is the value of -4 - (-3 + -4 - -7)?
-4
Calculate (2 - (-3 - -2)) + (27 - 29).
1
What is the value of -1 + 2 + 2 + 2?
5
-4 - 1 - (-11 + 10 + -13)
9
What is the value of 7 + -3 + -2 + 0?
2
Evaluate 26 + -21 + (0 - 0 - 4).
1
-2 - (-1 - (-2 + (-3 - -3)))
-3
Evaluate 7 + -9 + (14 - 18).
-6
Calculate (2 - 8) + -5 + 15.
4
Calculate -2 - -3 - 5 - -5 - 2.
-1
What is the value of 7 + (-4 - 1) + -7?
-5
What is the value of -1 - (-4 + (-5 - -13))?
-5
1 + 1 + (-7 - -5) + 5
5
Evaluate (-3 - (-1 - 8)) + 2.
8
Calculate -2 - 1 - (19 + -18).
-4
What is -1 + -4 + -1 + 1?
-5
What is (0 - (0 + 2)) + 3?
1
Evaluate 36 - 22 - (7 - 0).
7
What is (-6 + -1 + 6 - 0) + 5?
4
0 + (1 - (-1 - -1 - -1))
0
What is the value of -38 - -36 - (4 - 1)?
-5
What is 6 - (